{"id":2007,"date":"2023-10-31T09:15:12","date_gmt":"2023-10-31T09:15:12","guid":{"rendered":"https:\/\/amayade.com\/?page_id=2007"},"modified":"2024-06-04T09:58:38","modified_gmt":"2024-06-04T09:58:38","slug":"integrateur-marketing-cloud-account-engagement-pardot","status":"publish","type":"page","link":"https:\/\/amayade.com\/index.php\/integrateur-marketing-cloud-account-engagement-pardot\/","title":{"rendered":"Int\u00e9grateur Marketing Cloud Account Engagement Pardot"},"content":{"rendered":"\n<div class=\"wp-block-media-text alignwide has-media-on-the-right is-stacked-on-mobile is-vertically-aligned-center has-ast-global-color-4-background-color has-background\" style=\"padding-top:var(--wp--preset--spacing--50);padding-right:var(--wp--preset--spacing--70);padding-bottom:var(--wp--preset--spacing--70);padding-left:var(--wp--preset--spacing--30);grid-template-columns:auto 20%\"><div class=\"wp-block-media-text__content\">\n<div class=\"wp-block-group is-layout-flow wp-block-group-is-layout-flow\" style=\"padding-top:2em;padding-right:2em;padding-bottom:2em;padding-left:2em\"><div class=\"wp-block-group__inner-container\">\n<h2 class=\"wp-block-heading has-ast-global-color-1-color has-text-color\" style=\"font-size:36px\"><strong>Acc\u00e9l\u00e9rer vos strat\u00e9gies marketing B2B avec Marketing Cloud Account Engagement (Pardot).<\/strong><\/h2>\n\n\n\n<p>Marketing Cloud Account Engagement (anciennement Pardot) est une solution de marketing automation. Gr\u00e2ce \u00e0 ses fonctionnalit\u00e9s avanc\u00e9es, elle permet aux \u00e9quipes marketing d&rsquo;automatiser leurs processus de campagne marketing, d&rsquo;optimiser la g\u00e9n\u00e9ration et la conversion des leads gr\u00e2ce \u00e0 des assets marketing personnalisants. <\/p>\n\n\n\n<div class=\"wp-block-buttons is-layout-flex wp-block-buttons-is-layout-flex\">\n<div class=\"wp-block-button\"><a class=\"wp-block-button__link has-luminous-vivid-orange-background-color has-background wp-element-button\" href=\"https:\/\/amayade.com\/index.php\/contactez-nous\/\">J&rsquo;ai un projet Marketing Cloud Account Engagement<\/a><\/div>\n<\/div>\n<\/div><\/div>\n<\/div><figure class=\"wp-block-media-text__media\"><img loading=\"lazy\" decoding=\"async\" width=\"756\" height=\"971\" src=\"https:\/\/amayade.com\/wp-content\/uploads\/2023\/10\/account-engagement-jumbotron.png\" alt=\"Marketing Cloud Account Engagement\" class=\"wp-image-2028 size-full\" srcset=\"https:\/\/amayade.com\/wp-content\/uploads\/2023\/10\/account-engagement-jumbotron.png 756w, https:\/\/amayade.com\/wp-content\/uploads\/2023\/10\/account-engagement-jumbotron-234x300.png 234w\" sizes=\"auto, (max-width: 756px) 100vw, 756px\" \/><\/figure><\/div>\n\n\n\n<div style=\"height:50px\" aria-hidden=\"true\" class=\"wp-block-spacer\"><\/div>\n\n\n\n<h2 class=\"wp-block-heading has-text-align-center has-large-font-size\"><strong>LES AVANTAGES DE MARKETING CLOUD<br>ACCOUNT ENGAGEMENT (PARDOT)<\/strong><\/h2>\n\n\n\n<div style=\"height:20px\" aria-hidden=\"true\" class=\"wp-block-spacer\"><\/div>\n\n\n\n<div class=\"wp-block-columns alignfull has-text-color has-background is-layout-flex wp-container-core-columns-is-layout-28f84493 wp-block-columns-is-layout-flex\" style=\"color:#000000;background-color:#ffffff\">\n<div class=\"wp-block-column is-layout-flow wp-block-column-is-layout-flow\" style=\"padding-right:var(--wp--preset--spacing--30);padding-left:var(--wp--preset--spacing--30)\">\n<h3 class=\"wp-block-heading has-luminous-vivid-orange-color has-text-color\" style=\"font-size:24px;line-height:1.3\"><strong>G\u00c9N\u00c9RATION DE LEADS<\/strong><\/h3>\n\n\n\n<p>La solution permet de capturer, de suivre, de qualifier et de segmenter les leads de mani\u00e8re plus efficace. Ainsi, les \u00e9quipes marketing ciblent mieux les prospects et optimisent leur conversion en clients.<\/p>\n<\/div>\n\n\n\n<div class=\"wp-block-column is-layout-flow wp-block-column-is-layout-flow\" style=\"padding-right:var(--wp--preset--spacing--40);padding-left:var(--wp--preset--spacing--40)\">\n<h3 class=\"wp-block-heading has-luminous-vivid-orange-color has-text-color\" style=\"font-size:24px;line-height:1.3\"><strong>INT\u00c9GRATION MARKETING &amp; CRM<\/strong><\/h3>\n\n\n\n<p>Marketing Cloud AE s&rsquo;int\u00e8gre facilement \u00e0 votre CRM Salesforce existant. De ce fait, les \u00e9quipes marketing et commerciales partagent de mani\u00e8re transparente les informations sur les pistes, les contacts et les campagnes.<\/p>\n<\/div>\n\n\n\n<div class=\"wp-block-column is-layout-flow wp-block-column-is-layout-flow\" style=\"padding-right:var(--wp--preset--spacing--40);padding-left:var(--wp--preset--spacing--40)\">\n<h3 class=\"wp-block-heading has-luminous-vivid-orange-color has-text-color\" style=\"font-size:24px;line-height:1.3\"><strong style=\"font-weight: bold;\">GESTION DES EMAILS<\/strong><\/h3>\n\n\n\n<p>La plateforme permet de cr\u00e9er, d&rsquo;envoyer et de suivre des e-mails cibl\u00e9s et personnalis\u00e9s, renfor\u00e7ant ainsi l&rsquo;engagement des prospects et simplifiant les processus marketing. Les sc\u00e9narios automatis\u00e9s permettent de gagner en efficacit\u00e9 et en conversion de pistes.<\/p>\n<\/div>\n<\/div>\n\n\n\n<div class=\"wp-block-columns alignfull has-text-color has-background is-layout-flex wp-container-core-columns-is-layout-28f84493 wp-block-columns-is-layout-flex\" style=\"color:#000000;background-color:#ffffff\">\n<div class=\"wp-block-column is-layout-flow wp-block-column-is-layout-flow\" style=\"padding-right:var(--wp--preset--spacing--30);padding-left:var(--wp--preset--spacing--30)\">\n<h3 class=\"wp-block-heading has-luminous-vivid-orange-color has-text-color\" style=\"font-size:24px;line-height:1.3\"><strong>VARI\u00c9T\u00c9S D&rsquo;OUTILS MARKETING<\/strong><\/h3>\n\n\n\n<p>Il propose des outils marketing essentiels : les e-mails pour des campagnes personnalis\u00e9es, les pages de destination pour accueillir les visiteurs, les formulaires pour collecter des donn\u00e9es et les liens de redirection pour le suivi du comportement des prospects.<\/p>\n<\/div>\n\n\n\n<div class=\"wp-block-column is-layout-flow wp-block-column-is-layout-flow\" style=\"padding-right:var(--wp--preset--spacing--40);padding-left:var(--wp--preset--spacing--40)\">\n<h3 class=\"wp-block-heading has-luminous-vivid-orange-color has-text-color\" style=\"font-size:24px;line-height:1.3\"><strong>TABLEAU CRM<\/strong><\/h3>\n\n\n\n<p>Le package comprend l&rsquo;acc\u00e8s pour certains utilisateurs \u00e0 Tableau CRM et quelques tableaux de bords standards. Ainsi, les \u00e9quipes peuvent avoir une meilleure compr\u00e9hension des performances des campagnes et ainsi optimiser les suivantes.<\/p>\n<\/div>\n\n\n\n<div class=\"wp-block-column is-layout-flow wp-block-column-is-layout-flow\" style=\"padding-right:var(--wp--preset--spacing--40);padding-left:var(--wp--preset--spacing--40)\">\n<h3 class=\"wp-block-heading has-luminous-vivid-orange-color has-text-color\" style=\"font-size:24px;line-height:1.3\"><strong><strong>CONNEXION OUTILS EXTERNES<\/strong><\/strong><\/h3>\n\n\n\n<p>Marketing Cloud AE permet d&rsquo;int\u00e9grer facilement des outils externes tels que LinkedIn, Facebook, Google Analytics, Wistia et Slack pour am\u00e9liorer la port\u00e9e, le suivi, l&rsquo;engagement et la communication dans vos campagnes marketing.<\/p>\n<\/div>\n<\/div>\n\n\n\n<div style=\"height:20px\" aria-hidden=\"true\" class=\"wp-block-spacer\"><\/div>\n\n\n\n<div class=\"wp-block-buttons is-content-justification-center is-layout-flex wp-container-core-buttons-is-layout-a89b3969 wp-block-buttons-is-layout-flex\">\n<div class=\"wp-block-button\"><a class=\"wp-block-button__link has-background wp-element-button\" href=\"https:\/\/amayade.com\/index.php\/contactez-nous\/\" style=\"background-color:#ff6a00\">Je souhaite une formation Pardot<\/a><\/div>\n<\/div>\n\n\n\n<div style=\"height:50px\" aria-hidden=\"true\" class=\"wp-block-spacer\"><\/div>\n\n\n\n<div class=\"wp-block-group alignfull has-background-color has-white-color has-text-color has-background has-link-color wp-elements-73b3b7ba88a909c78a4c30616a74f61f is-vertical is-content-justification-stretch is-layout-flex wp-container-core-group-is-layout-48a3dbfb wp-block-group-is-layout-flex\" style=\"background-color:#1d517f;min-height:40vh;margin-top:0;margin-bottom:0;padding-top:var(--wp--preset--spacing--60);padding-right:var(--wp--preset--spacing--40);padding-bottom:var(--wp--preset--spacing--60);padding-left:var(--wp--preset--spacing--40)\">\n<div class=\"wp-block-columns alignwide has-small-font-size is-layout-flex wp-container-core-columns-is-layout-28f84493 wp-block-columns-is-layout-flex\">\n<div class=\"wp-block-column has-ast-global-color-8-color has-text-color is-layout-flow wp-block-column-is-layout-flow\">\n<p class=\"has-text-align-center has-ast-global-color-5-color has-text-color\"><strong>Nos services<\/strong><\/p>\n\n\n\n<p class=\"has-text-align-center has-ast-global-color-1-color has-text-color\"><a href=\"https:\/\/amayade.com\/index.php\/integration-de-salesforce\/\" title=\"Conseil &amp; Int\u00e9gration\">Conseil &amp; Int\u00e9gration<\/a><\/p>\n\n\n\n<p class=\"has-text-align-center\"><a href=\"https:\/\/amayade.com\/index.php\/evolutions-salesforce\/\" title=\"\u00c9volution &amp; Maintenance\">\u00c9volution &amp; Maintenance<\/a><\/p>\n\n\n\n<p class=\"has-text-align-center\"><a href=\"https:\/\/amayade.com\/index.php\/formation-salesforce\/\" title=\"Formation sur-mesure\">Formation sur-mesure<\/a><\/p>\n\n\n\n<div style=\"height:24px\" aria-hidden=\"true\" class=\"wp-block-spacer\"><\/div>\n<\/div>\n\n\n\n<div class=\"wp-block-column has-ast-global-color-8-color has-text-color is-layout-flow wp-block-column-is-layout-flow\">\n<p class=\"has-text-align-center has-ast-global-color-5-color has-text-color\"><strong>Nos expertises<\/strong><\/p>\n\n\n\n<p class=\"has-text-align-center has-ast-global-color-1-color has-text-color\"><a href=\"https:\/\/amayade.com\/index.php\/integrateur-sales-cloud\/\" title=\"Sales Cloud\">Sales Cloud<\/a><\/p>\n\n\n\n<p class=\"has-text-align-center\"><a href=\"https:\/\/amayade.com\/index.php\/integrateur-service-cloud\/\" title=\"Service Cloud\">Service Cloud<\/a><\/p>\n\n\n\n<p class=\"has-text-align-center\"><a href=\"https:\/\/amayade.com\/index.php\/integrateur-marketing-cloud-account-engagement-pardot\/\" title=\"Marketing Cloud Account Engagement\">Marketing Cloud Account Engagement<\/a><\/p>\n\n\n\n<p class=\"has-text-align-center has-ast-global-color-5-color has-text-color\"><a href=\"https:\/\/amayade.com\/index.php\/integrateur-experience-cloud\/\" title=\"Experience Cloud\">Experience Cloud<\/a><\/p>\n<\/div>\n\n\n\n<div class=\"wp-block-column has-ast-global-color-8-color has-text-color is-layout-flow wp-block-column-is-layout-flow\">\n<p class=\"has-text-align-center has-ast-global-color-5-color has-text-color\"><strong><strong>A propos<\/strong><\/strong><\/p>\n\n\n\n<p class=\"has-text-align-center has-ast-global-color-5-color has-text-color\">Adresse : 36 bis Cr Mar\u00e9chal Juin, <br>33300 Bordeaux, Gironde, Nouvelle Aquitaine, France<\/p>\n\n\n\n<div class=\"wp-block-columns is-layout-flex wp-container-core-columns-is-layout-28f84493 wp-block-columns-is-layout-flex\">\n<div class=\"wp-block-column is-layout-flow wp-block-column-is-layout-flow\" style=\"flex-basis:100%\">\n<div class=\"wp-block-columns is-layout-flex wp-container-core-columns-is-layout-28f84493 wp-block-columns-is-layout-flex\">\n<div class=\"wp-block-column is-layout-flow wp-block-column-is-layout-flow\">\n<p class=\"has-text-align-center\"><a href=\"https:\/\/www.linkedin.com\/company\/amayade\/about\/\"><img loading=\"lazy\" decoding=\"async\" width=\"20\" height=\"20\" src=\"https:\/\/amayade.com\/wp-content\/uploads\/2023\/10\/logo-linkedin-rond-1024x1024.webp\" alt=\"Linkedin\"> Linkedin<\/a><br><a href=\"https:\/\/www.youtube.com\/channel\/UCVLBr5_u-fqUqvzG32AXRGA?app=desktop\"><img loading=\"lazy\" decoding=\"async\" width=\"20\" height=\"20\" src=\"https:\/\/amayade.com\/wp-content\/uploads\/2023\/10\/youtube-picto.png\" alt=\"Youtube\"> Youtube<\/a><\/p>\n<\/div>\n\n\n\n<div class=\"wp-block-column is-layout-flow wp-block-column-is-layout-flow\">\n<figure class=\"wp-block-image aligncenter size-large is-resized\"><img loading=\"lazy\" decoding=\"async\" src=\"https:\/\/amayade.com\/wp-content\/uploads\/2023\/10\/Salesforce_Partner-1-980x1024.png\" alt=\"Salesforce Partenaire\" class=\"wp-image-1607\" style=\"width:67px;height:70px\" width=\"67\" height=\"70\" srcset=\"https:\/\/amayade.com\/wp-content\/uploads\/2023\/10\/Salesforce_Partner-1-980x1024.png 980w, https:\/\/amayade.com\/wp-content\/uploads\/2023\/10\/Salesforce_Partner-1-287x300.png 287w, https:\/\/amayade.com\/wp-content\/uploads\/2023\/10\/Salesforce_Partner-1-768x803.png 768w, https:\/\/amayade.com\/wp-content\/uploads\/2023\/10\/Salesforce_Partner-1-1469x1536.png 1469w, https:\/\/amayade.com\/wp-content\/uploads\/2023\/10\/Salesforce_Partner-1.png 1568w\" sizes=\"auto, (max-width: 67px) 100vw, 67px\" \/><\/figure>\n<\/div>\n<\/div>\n<\/div>\n<\/div>\n<\/div>\n<\/div>\n<\/div>\n","protected":false},"excerpt":{"rendered":"<p>LES AVANTAGES DE MARKETING CLOUDACCOUNT ENGAGEMENT (PARDOT) G\u00c9N\u00c9RATION DE LEADS La solution permet de capturer, de suivre, de qualifier et de segmenter les leads de mani\u00e8re plus efficace. Ainsi, les \u00e9quipes marketing ciblent mieux les prospects et optimisent leur conversion en clients. INT\u00c9GRATION MARKETING &amp; CRM Marketing Cloud AE s&rsquo;int\u00e8gre facilement \u00e0 votre CRM Salesforce &hellip;<\/p>\n<p class=\"read-more\"> <a class=\"\" href=\"https:\/\/amayade.com\/index.php\/integrateur-marketing-cloud-account-engagement-pardot\/\"> <span class=\"screen-reader-text\">Int\u00e9grateur Marketing Cloud Account Engagement Pardot<\/span> Lire la suite\u00a0\u00bb<\/a><\/p>\n","protected":false},"author":3,"featured_media":0,"parent":0,"menu_order":0,"comment_status":"closed","ping_status":"closed","template":"","meta":{"_mi_skip_tracking":false,"site-sidebar-layout":"default","site-content-layout":"","ast-site-content-layout":"default","site-content-style":"default","site-sidebar-style":"default","ast-global-header-display":"","ast-banner-title-visibility":"","ast-main-header-display":"","ast-hfb-above-header-display":"","ast-hfb-below-header-display":"","ast-hfb-mobile-header-display":"","site-post-title":"disabled","ast-breadcrumbs-content":"","ast-featured-img":"","footer-sml-layout":"","theme-transparent-header-meta":"","adv-header-id-meta":"","stick-header-meta":"","header-above-stick-meta":"","header-main-stick-meta":"","header-below-stick-meta":"","astra-migrate-meta-layouts":"set","footnotes":""},"class_list":["post-2007","page","type-page","status-publish","hentry"],"aioseo_notices":[],"_links":{"self":[{"href":"https:\/\/amayade.com\/index.php\/wp-json\/wp\/v2\/pages\/2007","targetHints":{"allow":["GET"]}}],"collection":[{"href":"https:\/\/amayade.com\/index.php\/wp-json\/wp\/v2\/pages"}],"about":[{"href":"https:\/\/amayade.com\/index.php\/wp-json\/wp\/v2\/types\/page"}],"author":[{"embeddable":true,"href":"https:\/\/amayade.com\/index.php\/wp-json\/wp\/v2\/users\/3"}],"replies":[{"embeddable":true,"href":"https:\/\/amayade.com\/index.php\/wp-json\/wp\/v2\/comments?post=2007"}],"version-history":[{"count":22,"href":"https:\/\/amayade.com\/index.php\/wp-json\/wp\/v2\/pages\/2007\/revisions"}],"predecessor-version":[{"id":2409,"href":"https:\/\/amayade.com\/index.php\/wp-json\/wp\/v2\/pages\/2007\/revisions\/2409"}],"wp:attachment":[{"href":"https:\/\/amayade.com\/index.php\/wp-json\/wp\/v2\/media?parent=2007"}],"curies":[{"name":"wp","href":"https:\/\/api.w.org\/{rel}","templated":true}]}}